ors of 2459?
2459
List the prime factors of 72312.
2, 3, 23, 131
What are the prime factors of 24404?
2, 6101
What are the prime factors of 3412?
2, 853
List the prime factors of 5836.
2, 1459
What are the prime factors of 75855?
3, 5, 13, 389
What are the prime factors of 5282?
2, 19, 139
List the prime factors of 1351.
7, 193
What are the prime factors of 1858?
2, 929
What are the prime factors of 2885?
5, 577
List the prime factors of 17457.
3, 11, 23
List the prime factors of 2805.
3, 5, 11, 17
What are the prime factors of 10885?
5, 7, 311
List the prime factors of 135367.
135367
What are the prime factors of 490?
2, 5, 7
List the prime factors of 32801.
32801
List the prime factors of 2129.
2129
What are the prime factors of 51701?
13, 41, 97
List the prime factors of 8956.
2, 2239
List the prime factors of 50.
2, 5
What are the prime factors of 10913?
7, 1559
What are the prime factors of 46602?
2, 3, 863
What are the prime factors of 144458?
2, 72229
List the prime factors of 9923.
9923
What are the prime factors of 49439?
13, 3803
What are the prime factors of 1256?
2, 157
List the prime factors of 119374.
2, 17, 3511
List the prime factors of 2764.
2, 691
What are the prime factors of 6097?
7, 13, 67
List the prime factors of 61612.
2, 73, 211
What are the prime factors of 707?
7, 101
List the prime factors of 100706.
2, 43, 1171
What are the prime factors of 17747?
17747
What are the prime factors of 13749?
3, 4583
What are the prime factors of 620?
2, 5, 31
What are the prime factors of 55485?
3, 5, 137
List the prime factors of 5319.
3, 197
What are the prime factors of 49773?
3, 47, 353
What are the prime factors of 3362?
2, 41
List the prime factors of 1159.
19, 61
What are the prime factors of 1928?
2, 241
What are the prime factors of 17692?
2, 4423
What are the prime factors of 7975?
5, 11, 29
What are the prime factors of 3943?
3943
What are the prime factors of 544?
2, 17
List the prime factors of 113185.
5, 22637
List the prime factors of 3646.
2, 1823
List the prime factors of 552.
2, 3, 23
What are the prime factors of 20981?
20981
List the prime factors of 3921.
3, 1307
List the prime factors of 3741.
3, 29, 43
List the prime factors of 12891.
3, 4297
List the prime factors of 49146.
2, 3, 8191
List the prime factors of 4755.
3, 5, 317
List the prime factors of 4878.
2, 3, 271
What are the prime factors of 8197?
7, 1171
What are the prime factors of 9085?
5, 23, 79
List the prime factors of 32827.
17, 1931
What are the prime factors of 6012?
2, 3, 167
What are the prime factors of 118931?
118931
List the prime factors of 61159.
7, 8737
List the prime factors of 5260.
2, 5, 263
What are the prime factors of 22643?
22643
List the prime factors of 92105.
5, 13, 109
What are the prime factors of 151663?
37, 4099
What are the prime factors of 11550?
2, 3, 5, 7, 11
What are the prime factors of 21670?
2, 5, 11, 197
List the prime factors of 199.
199
List the prime factors of 9828.
2, 3, 7, 13
List the prime factors of 572.
2, 11, 13
What are the prime factors of 10175?
5, 11, 37
What are the prime factors of 5555?
5, 11, 101
List the prime factors of 9956.
2, 19, 131
What are the prime factors of 53676?
2, 3, 7, 71
List the prime factors of 31796.
2, 7949
List the prime factors of 459.
3, 17
What are the prime factors of 19229?
7, 41, 67
What are the prime factors of 193850?
2, 5, 3877
What are the prime factors of 129458?
2, 7, 1321
What are the prime factors of 2109?
3, 19, 37
What are the prime factors of 53385?
3, 5, 3559
List the prime factors of 1505.
5, 7, 43
What are the prime factors of 1018?
2, 509
List the prime factors of 489.
3, 163
What are the prime factors of 15871?
59, 269
What are the prime factors of 2012?
2, 503
List the prime factors of 25948.
2, 13, 499
List the prime factors of 3362.
2, 41
What are the prime factors of 3995?
5, 17, 47
What are the prime factors of 184?
2, 23
What are the prime factors of 1560?
2, 3, 5, 13
What are the prime factors of 269?
269
List the prime factors of 78594.
2, 3, 13099
What are the prime factors of 371?
7, 53
List the prime factors of 543.
3, 181
List the prime factors of 4610.
2, 5, 461
What are the prime factors of 27683?
19, 31, 47
What are the prime factors of 4834?
2, 2417
What are the prime factors of 914?
2, 457
List the prime factors of 1705.
5, 11, 31
What are the prime factors of 45051?
3, 15017
What are the prime factors of 38765?
5, 7753
What are the prime factors of 28091?
7, 4013
List the prime factors of 12684.
2, 3, 7, 151
What are the prime factors of 219?
3, 73
List the prime factors of 817.
19, 43
What are the prime factors of 37869?
3, 13, 971
What are the prime factors of 61910?
2, 5, 41, 151
List the prime factors of 4432.
2, 277
List the prime factors of 78233.
78233
What are the prime factors of 96007?
19, 31, 163
List the prime factors of 75.
3, 5
What are the prime factors of 3173?
19, 167
List the prime factors of 329.
7, 47
What are the prime factors of 3064?
2, 383
List the prime factors of 5049.
3, 11, 17
List the prime factors of 776.
2, 97
List the prime factors of 2424.
2, 3, 101
What are the prime factors of 2619?
3, 97
What are the prime factors of 1582?
2, 7, 113
What are the prime factors of 38729?
38729
What are the prime factors of 1587?
3, 23
List the prime factors of 616.
2, 7, 11
What are the prime factors of 71919?
3, 61, 131
What are the prime factors of 2930?
2, 5, 293
List the prime factors of 4133.
4133
What are the prime factors of 587?
587
List the prime factors of 68640.
2, 3, 5, 11, 13
What are the prime factors of 27599?
11, 13, 193
List the prime factors of 3230.
2, 5, 17, 19
List the prime factors of 638.
2, 11, 29
List the prime factors of 531.
3, 59
What are the prime factors of 3223?
11, 293
List the prime factors of 23724.
2, 3, 659
List the prime factors of 9742.
2, 4871
What are the prime factors of 90415?
5, 13, 107
What are the prime factors of 2125?
5, 17
What are the prime factors of 52372?
2, 13093
What are the prime factors of 25658?
2, 12829
What are the prime factors of 3401?
19, 179
List the prime factors of 2643.
3, 881
What are the prime factors of 3225?
3, 5, 43
What are the prime factors of 185?
5, 37
List the prime factors of 1663.
1663
List the prime factors of 683.
683
List the prime factors of 30028.
2, 7507
List the prime factors of 2027.
2027
What are the prime factors of 17686?
2, 37, 239
What are the prime factors of 2576?
2, 7, 23
What are the prime factors of 67049?
67049
What are the prime factors of 125429?
125429
What are the prime factors of 120?
2, 3, 5
What are the prime factors of 95949?
3, 7, 1523
List the prime factors of 8201.
59, 139
What are the prime factors of 1174?
2, 587
What are the prime factors of 3654?
2, 3, 7, 29
What are the prime factors of 2306?
2, 1153
What are the prime factors of 1790?
2, 5, 179
What are the prime factors of 4304?
2, 269
List the prime factors of 18001.
47, 383
What are the prime factors of 4968?
2, 3, 23
List the prime factors of 7641.
3, 283
What are the prime factors of 18997?
11, 157
What are the prime factors of 1316?
2, 7, 47
List the prime factors of 71054.
2, 35527
List the prime factors of 1636.
2, 409
What are the prime factors of 919?
919
List the prime factors of 7512.
2, 3, 313
What are the prime factors of 5461?
43, 127
What are the prime factors of 598?
2, 13, 23
List the prime factors of 94194.
2, 3, 5233
List the prime factors of 26433.
3, 11, 89
What are the prime factors of 3?
3
What are the prime factors of 8859?
3, 2953
List the prime factors of 2960.
2, 5, 37
What are the prime factors of 23614?
2, 11807
What are the prime factors of 73875?
3, 5, 197
What are the prime factors of 20583?
3, 2287
List the prime factors of 902.
2, 11, 41
What are the prime factors of 1845?
3, 5, 41
List the prime factors of 327.
3, 109
What are the prime factors of 2093?
7, 13, 23
What are the prime factors of 672?
2, 3, 7
What are the prime factors of 19529?
59, 331
What are the prime factors of 442?
2, 13, 17
List the prime factors of 13390.
2, 5, 13, 103
What are the prime factors of 4203?
3, 467
What are the prime factors of 2471?
7, 353
List the prime factors of 10343.
10343
What are the prime factors of 87311?
7, 12473
What are th